{"id":21,"date":"2025-10-19T01:31:35","date_gmt":"2025-10-19T01:31:35","guid":{"rendered":"https:\/\/cuartosags.com\/smart\/?post_type=product&#038;p=21"},"modified":"2025-10-19T02:08:30","modified_gmt":"2025-10-19T02:08:30","slug":"lm205","status":"publish","type":"product","link":"https:\/\/cuartosags.com\/smart\/product\/lm205\/","title":{"rendered":"Renta Local Comercial Av. Adolfo L\u00f3pez Mateos, esq C\u00f3lon"},"content":{"rendered":"<p><span style=\"font-weight: 400;\">Renta de Local Comercial en Av. Adolfo L\u00f3pez Mateos<\/span><span style=\"font-weight: 400;\"><br \/>\n<\/span><span style=\"font-weight: 400;\"><br \/>\n<\/span><span style=\"font-weight: 400;\">Precio: $5,500 al mes*<\/span><span style=\"font-weight: 400;\"><br \/>\n<\/span><span style=\"font-weight: 400;\">Descripci\u00f3n: <\/span><span style=\"font-weight: 400;\"><br \/>\n<\/span><span style=\"font-weight: 400;\">Ba\u00f1o en Planta Baja<br \/>\n<\/span><span style=\"font-weight: 400;\">Planta alta (con opci\u00f3n a habitaci\u00f3n) y balc\u00f3n<br \/>\n<\/span><span style=\"font-weight: 400;\">El inmueble cuenta con agua potable, alcantarillado, electrificaci\u00f3n, alumbrado, recolecci\u00f3n de basura, pavimento de adocreto y seguridad a cargo de administraci\u00f3n municipal<\/span><\/p>\n<p><span style=\"font-weight: 400;\"><br \/>\n<\/span><span style=\"font-weight: 400;\">Medidas:<\/span><span style=\"font-weight: 400;\"><br \/>\n<\/span><span style=\"font-weight: 400;\">Superficie 20.90 m2<br \/>\n<\/span><span style=\"font-weight: 400;\">Frente 3.70 m (Av L\u00f3pez Mateos)<br \/>\n<\/span><span style=\"font-weight: 400;\">Atr\u00e1s 3.70 m<br \/>\n<\/span><span style=\"font-weight: 400;\">Lado 5.85 m (Cristobal Colon)<br \/>\n<\/span><span style=\"font-weight: 400;\">Lado 5.40 m<br \/>\n<\/span><span style=\"font-weight: 400;\">Planta Baja 20.90 m2<br \/>\n<\/span><span style=\"font-weight: 400;\">Planta Alta 24.12 m2\u00a0<\/span><\/p>\n<p>&nbsp;<\/p>\n<p><span style=\"font-weight: 400;\">REQUISITOS DEL ARRENDATARIO (inquilino):<br \/>\nGiro de su comercio<br \/>\n<\/span><span style=\"font-weight: 400;\">Identificaci\u00f3n oficial vigente<br \/>\n<\/span><span style=\"font-weight: 400;\">Comprobante de domicilio reciente (m\u00e1x. 3 meses).<br \/>\n<\/span><span style=\"font-weight: 400;\">Comprobantes de solvencia<\/span><\/p>\n<p><span style=\"font-weight: 400;\"><br \/>\n<\/span><span style=\"font-weight: 400;\">REQUISITOS DEL FIADOR:<br \/>\n<\/span><span style=\"font-weight: 400;\">Identificaci\u00f3n oficial vigente.<br \/>\n<\/span><span style=\"font-weight: 400;\">Comprobante de domicilio.<br \/>\n<\/span><span style=\"font-weight: 400;\">Fiador con propiedad indispensable \/ libertad de gravamen reciente (o p\u00f3liza jur\u00eddica).<\/span><\/p>\n<p><span style=\"font-weight: 400;\">CONDICIONES GENERALES:<br \/>\n<\/span><span style=\"font-weight: 400;\">Dep\u00f3sito en garant\u00eda: equivalente a 1 mes de renta.<br \/>\n<\/span><span style=\"font-weight: 400;\">Firma de contrato m\u00ednimo por 1 a\u00f1o.<\/span><\/p>\n<p>&nbsp;<\/p>\n<p><span style=\"font-weight: 400;\">Direcci\u00f3n: Av. Adolfo L\u00f3pez Mateos Ote. 205, Barrio del Encino, 20240 Aguascalientes, Ags.<\/span><\/p>\n<p><span style=\"font-weight: 400;\">Ubicaci\u00f3n: https:\/\/maps.app.goo.gl\/kPxEMCuoKcJT5GoP7<\/span><\/p>\n<p><span style=\"font-weight: 400;\">\u00a0<\/span><\/p>\n<p><iframe style=\"border: 0;\" data-src=\"https:\/\/www.google.com\/maps\/embed?pb=!1m18!1m12!1m3!1d3702.4547495152024!2d-102.2947182!3d21.878557699999998!2m3!1f0!2f0!3f0!3m2!1i1024!2i768!4f13.1!3m3!1m2!1s0x8429ee7b87b011ad%3A0x7331aba363545027!2sAv.%20Adolfo%20L%C3%B3pez%20Mateos%20Ote.%20205%2C%20Barrio%20del%20Encino%2C%2020240%20Aguascalientes%2C%20Ags.!5e0!3m2!1ses-419!2smx!4v1760837754427!5m2!1ses-419!2smx\" width=\"600\" height=\"450\" allowfullscreen=\"allowfullscreen\" src=\"data:image\/svg+xml;base64,PHN2ZyB3aWR0aD0iMSIgaGVpZ2h0PSIxIiB4bWxucz0iaHR0cDovL3d3dy53My5vcmcvMjAwMC9zdmciPjwvc3ZnPg==\" class=\"lazyload\" data-load-mode=\"1\"><\/iframe><\/p>\n","protected":false},"excerpt":{"rendered":"<p>Renta de Local Comercial en Av. Adolfo L\u00f3pez Mateos Precio: $5,500 al mes* Descripci\u00f3n: Ba\u00f1o en Planta Baja Planta alta (con opci\u00f3n a habitaci\u00f3n) y balc\u00f3n El inmueble cuenta con agua potable, alcantarillado, electrificaci\u00f3n, alumbrado, recolecci\u00f3n de basura, pavimento de adocreto y seguridad a cargo de administraci\u00f3n municipal Medidas: Superficie 20.90 m2 Frente 3.70 m [&hellip;]<\/p>\n","protected":false},"featured_media":31,"comment_status":"open","ping_status":"closed","template":"","meta":{"_joinchat":[]},"product_brand":[],"product_cat":[19],"product_tag":[],"class_list":{"0":"post-21","1":"product","2":"type-product","3":"status-publish","4":"has-post-thumbnail","6":"product_cat-propiedades-en-renta","8":"first","9":"instock","10":"downloadable","11":"virtual","12":"purchasable","13":"product-type-simple"},"_links":{"self":[{"href":"https:\/\/cuartosags.com\/smart\/wp-json\/wp\/v2\/product\/21","targetHints":{"allow":["GET"]}}],"collection":[{"href":"https:\/\/cuartosags.com\/smart\/wp-json\/wp\/v2\/product"}],"about":[{"href":"https:\/\/cuartosags.com\/smart\/wp-json\/wp\/v2\/types\/product"}],"replies":[{"embeddable":true,"href":"https:\/\/cuartosags.com\/smart\/wp-json\/wp\/v2\/comments?post=21"}],"wp:featuredmedia":[{"embeddable":true,"href":"https:\/\/cuartosags.com\/smart\/wp-json\/wp\/v2\/media\/31"}],"wp:attachment":[{"href":"https:\/\/cuartosags.com\/smart\/wp-json\/wp\/v2\/media?parent=21"}],"wp:term":[{"taxonomy":"product_brand","embeddable":true,"href":"https:\/\/cuartosags.com\/smart\/wp-json\/wp\/v2\/product_brand?post=21"},{"taxonomy":"product_cat","embeddable":true,"href":"https:\/\/cuartosags.com\/smart\/wp-json\/wp\/v2\/product_cat?post=21"},{"taxonomy":"product_tag","embeddable":true,"href":"https:\/\/cuartosags.com\/smart\/wp-json\/wp\/v2\/product_tag?post=21"}],"curies":[{"name":"wp","href":"https:\/\/api.w.org\/{rel}","templated":true}]}}